2*k + 2 = -2*h, -5*k = -0*k + 3*h - 37. Suppose 5*x = 15, x + 2*x - 239 = -k*n. List the prime factors of n.
2, 23
Suppose -6*d = -d - 600. What are the prime factors of d?
2, 3, 5
Let v(j) = -j**2 - 9*j - 4. Let i = -12 + 4. Let s be v(i). Suppose 0 = -5*x + s*p + 39, -2*p + 18 = 2*x - 3*p. What are the prime factors of x?
11
Let v(t) = -5*t**3 - t**2 + 3*t. Let o(d) = d**3 + d**2 - d + 1. Let k(w) = 6*o(w) + v(w). List the prime factors of k(-5).
3, 7
Let v = 110 - 36. List the prime factors of v.
2, 37
Let g(l) = l**3 + 7*l**2 + 7*l - 1. Let o be g(-6). Let j = 0 + o. Let q = 24 + j. List the prime factors of q.
17
List the prime factors of 15/2 + (-3)/6.
7
Let s(x) = -7*x**2 - 2*x + 4. Let z be s(-3). What are the prime factors of (-4)/(-22) + z/(-11)?
5
Let v = -10 + 5. Let j = 9 - v. What are the prime factors of j?
2, 7
Let k(r) = r**3 - 2*r**2 + 4*r - 3. Let d be k(2). List the prime factors of 1/d + (-87)/(-15).
2, 3
Suppose -z + 3*x + 255 = 4*z, 0 = -3*z + 5*x + 153. Suppose -i = 2*i - z. What are the prime factors of i?
17
Let c(h) = 4*h**2 - 7*h - 12. Let q be c(-5). Suppose 3*p + 7*z - q = 4*z, 2*p - 85 = -5*z. What are the prime factors of p?
2, 5
Suppose 5*u + 0*u - 10 = 0. Suppose -15 = -3*f + u*q - 5*q, -3*f - 2*q = -16. Let v(y) = -y**3 + 7*y**2 - 5*y + 9. What are the prime factors of v(f)?
3, 5
Suppose -4*h = -5*a - 52, -h - 5*a = -2*h - 2. List the prime factors of h.
2, 3
Suppose 0*v - 3*v - 4*m + 31 = 0, v - 10 = -m. Let t be 3/v + 5/3. Suppose -40 = -4*k + 5*c, -t*k = -2*c - 27 + 5. List the prime factors of k.
3, 5
Let n(b) = -9*b + 1. Let i(x) = 17*x - 1. Let c(o) = -6*i(o) - 11*n(o). Let q be c(-6). Suppose a = 2*a - q. What are the prime factors of a?
13
Suppose o = 25 + 18. Suppose -u = -4*g + 66, 0*u - o = -3*g + 4*u. What are the prime factors of g?
17
Let r(o) = 8*o - 43. What are the prime factors of r(20)?
3, 13
Suppose -4*b = -9*b - 5*a + 50, 3*a = -5*b + 54. What are the prime factors of b?
2, 3
Let s = 3 + 6. Let c be 12/s*(9 - 0). Let z = c - 6. What are the prime factors of z?
2, 3
Let j = 21 + 63. List the prime factors of j.
2, 3, 7
Let l = 32 + -5. What are the prime factors of l?
3
Suppose -55 = 5*c - 0*j - 5*j, -2*c - 10 = j. Let l be 10/35 - 117/c. Let x = l - 10. What are the prime factors of x?
7
Let w(k) = 5 + 11*k - 2 - 2. Let x be w(2). Suppose 2 = -3*p + x. What are the prime factors of p?
7
Suppose m = 2*y - 151, -m - 4 = -1. What are the prime factors of y?
2, 37
Let t = -4 + 7. Suppose 0 = 5*k - 5*i - 10, -t*k + i + 11 - 3 = 0. Suppose -k*z + 4*z = 2. What are the prime factors of z?
2
Let y(o) = 3*o**3 - 13*o**2 - 9*o + 21. What are the prime factors of y(6)?
3, 7
Let w = 27 - 18. Suppose -3*x + w = 3*f, 4*x + 30 = 4*f - x. Let c(t) = -t**3 + 7*t**2 - 6*t - 7. What are the prime factors of c(f)?
13
Suppose -12 = 3*k, -68 - 75 = -f + 2*k. What are the prime factors of f?
3, 5
Suppose -6*c + 500 = -2*c. Let q = c - 86. Suppose -5*r + 6 = 4*l - 3, -5*l + q = -3*r. List the prime factors of l.
2, 3
Let w(k) be the third derivative of -k**4/12 + k**3/6 + k**2. Let r be 2 + 7/(0 + -1). What are the prime factors of w(r)?
11
Let k(q) = 40*q - 12. List the prime factors of k(4).
2, 37
Let v = 1 + 1. Suppose v*d = 7*d. Suppose d*u - u = -3. What are the prime factors of u?
3
Suppose -3*q = -m + 57, 0 = 4*m + 3*q - 179 - 79. Let t = m + -39. List the prime factors of t.
2, 3
Let z(l) be the third derivative of -l**5/60 - 7*l**4/24 + l**2. Let r be z(-7). Suppose 42 = 5*o - 2*k, r = o - k - 0*k - 6. List the prime factors of o.
2, 5
List the prime factors of (-17 - 4)*(-4 + 1).
3, 7
Let v(k) = 3*k - 7. Let h(x) = -3*x + 8. Suppose 2*l + 8 = -u, -10 = 2*l - 3*u + 14. Let z(j) = l*h(j) - 7*v(j). What are the prime factors of z(-3)?
2, 5
Suppose 3*g - 8 = 1, 2*n + 4*g = 100. What are the prime factors of n?
2, 11
Let p = -1 + 1. Suppose -3*y - 5 = 2*v - 0, -30 = -4*v + 2*y. Suppose p = v*w + f + 2*f - 25, 4*w - 33 = -5*f. What are the prime factors of w?
2
Let n(k) = k**3 - 4*k**2 + k + 3. Let m be n(3). What are the prime factors of 1/(m - (-16)/5)?
5
Let w(u) = -u**2 + 3*u - 11. Let p(n) = 2*n**2 - 7*n + 22. Let d(o) = -4*p(o) - 9*w(o). Let i be 0/1*(-1)/(-2). What are the prime factors of d(i)?
11
Suppose 0 = 3*d + 2*d. Suppose 0*n - 154 = -4*y + n, -3*y - 3*n + 108 = d. List the prime factors of y.
2, 19
Let f(h) = h - 11. Let u be f(7). Let z = 1 - u. What are the prime factors of z?
5
Suppose -4*l + 8 = 3*r + 25, l = -4*r - 1. Let u(v) = -1 - 5*v + r + 0 - 5. List the prime factors of u(-4).
3, 5
Suppose -q - 10 = -15. List the prime factors of q.
5
Let p be (6/(-5))/((-1)/(-5)). What are the prime factors of (-4)/p + (-80)/(-24)?
2
Let j = -104 + 150. Suppose j = 5*i - 99. What are the prime factors of i?
29
Let d = 5 + -12. Let z = -12 - d. What are the prime factors of (-10)/z*(-11)/(-2)?
11
List the prime factors of (-16 + -2)*(-10)/20.
3
Let u be 5 + ((-6)/(-2) - 1). Suppose 0 = -x + 50 - u. List the prime factors of x.
43
Suppose 13 = 3*o + v, 2*v + 0*v = -4. Suppose -5*n = o*i - 15, 0*n + 4*i + 9 = 3*n. List the prime factors of n.
3
Let x be (6/9)/((-2)/6). Let g be x/(-7) - (-99)/21. Suppose o - 4*k = k + 25, 5*o - g = -5*k. List the prime factors of o.
5
Suppose 6*k + 12 = 540. List the prime factors of k.
2, 11
Let y = 27 + 28. List the prime factors of y.
5, 11
Let p(u) = u - 4. Let f(y) = -y**2 + 9*y + 7. Let d be f(5). Suppose x + d = 5*x - 3*v, 3*v - 9 = -2*x. List the prime factors of p(x).
2
Suppose -z + 48 = 2*z. Let o = -6 + z. Let p = o + 4. List the prime factors of p.
2, 7
Let s = -23 - -97. List the prime factors of s.
2, 37
Suppose -3*s = 9, 3*q + q + 5*s = 1269. What are the prime factors of q?
3, 107
Suppose -41 = -5*l - 11. List the prime factors of l/4*1*26.
3, 13
What are the prime factors of 4/3 + 208/24?
2, 5
Let q(k) = 26*k**2 - 2*k - 4. Let s(g) = 51*g**2 - 4*g - 7. Let u(p) = -5*q(p) + 3*s(p). Let w be u(-1). Suppose -c = -3*c + w. What are the prime factors of c?
2, 3
Suppose 178 = -4*k + 3*q + 657, -k + 91 = 5*q. What are the prime factors of k?
2, 29
Let m = -5 + 16. What are the prime factors of m?
11
Let w(b) be the first derivative of b**4/4 - 3*b**3 + 6*b**2 - 7*b - 3. List the prime factors of w(8).
5
Let k(t) = -23*t + 10. What are the prime factors of k(-3)?
79
Suppose -2*l = -4*r + 46, 5*r + l - 4*l - 59 = 0. Suppose -c = 2*v + 2*c + 19, 5*c = v - r. Let k = v - -13. List the prime factors of k.
2
Suppose 3*h = 4*i - 400, 190 = 2*i + h - 0*h. List the prime factors of i.
97
Let r = 270 + -161. List the prime factors of r.
109
Let h(n) = n**3 - 2*n**2 - 5*n + 1. Let q be h(4). Let k = 0 - q. Let d = -7 - k. What are the prime factors of d?
2, 3
Let s = -9 - -14. What are the prime factors of s?
5
Let w = -207 + 311. What are the prime factors of w?
2, 13
Let p(u) = -2*u - 9. Let t be p(-6). Suppose t*j - k - 52 = -2*k, -4 = j - 5*k. Suppose 0 = 4*s - j, 0 = -4*n + 4*s - 3*s + 48. List the prime factors of n.
13
Let y(s) = 4*s + 4*s - 4*s - 3*s - s**2 + 2. Let t be y(2). Suppose -3*a - 5*u + 5 = -2*a, t = 2*a + 5*u - 20. What are the prime factors of a?
3, 5
Suppose -29*q - 180 = -35*q. List the prime factors of q.
2, 3, 5
Let x be (2/(-3))/((-9)/54). Suppose -n + x*n - 174 = 0. What are the prime factors of n?
2, 29
Suppose 0 = -4*a + o + 271, 2*a + o = 2*o + 133. What are the prime factors of a?
3, 23
Let w(m) = -m - 6. Let s be w(0). Let u(r) = -12*r. Let q(f) = 13*f. Let z(k) = s*u(k) - 5*q(k). What are the prime factors of z(1)?
7
Let i(b) = -b**2 + 8. Let y be i(6). What are the prime factors of (7/y)/(1/(-12))?
3
Suppose -5*o + r = -0*r - 30, -5*o + 30 = -4*r. Let z(f) = 6*f - 9. Let j be z(o). Suppose j - 3 = 3*b. List the prime factors of b.
2
Let f(w) = w**2 - 9*w - 10. Let v be f(11). Suppose 0 = h, 3*q + h = -0*h + v. List the prime factors of q.
2
Suppose 0*z = 7*z - 630. What are the prime factors of z?
2, 3, 5
Let g be -2*((-39)/2)/3. Let c = 5 + g. List the prime factors of c.
2, 3
Let o = -5 - 3. Let z = 14 + o. List the prime factors of z.
2, 3
Let m = 2 + -2. Suppose m = 2*c - 3*c. Suppose -3*s = 5*l - c*l - 32, -5*l - 4 = -s. What are the prime factors of s?
3
Let q be (-1 + 1)/(-3) - -48. Let j be ((-3)/(-4))/((-6)/q). What are t